 -k**2 - 7*k - 5. Determine a(-3).
7
Let z(y) = -y**3 + 8*y**2 + 9*y. Determine z(9).
0
Let f(u) = 7*u**3 - 2*u**2 - 2*u - 2. What is f(-2)?
-62
Let a(h) = h - 45. Give a(17).
-28
Let k(j) = -2*j**2 - 2*j - 2. Calculate k(-2).
-6
Let l(k) = k**2 - 22*k + 71. Determine l(18).
-1
Let a(j) = j**2 - 7*j - 64. Calculate a(13).
14
Let m(v) = -3*v**2 - 32*v - 20. Give m(-10).
0
Let w(u) = -6*u + 18. Determine w(9).
-36
Let q(v) = v**2 - 4*v - 5. What is q(7)?
16
Let q(b) = -b**3 - 7*b**2 + 4*b - 10. Determine q(-7).
-38
Let u(f) = -f**3 - 10*f**2 - 11*f + 11. What is u(-10)?
121
Let h(i) = -i**3 - 6*i**2 - 11*i - 15. What is h(-4)?
-3
Let y(i) = i**2 - 7*i + 17. Give y(3).
5
Let x(p) = p**3 + 4*p**2 - p + 22. Calculate x(-5).
2
Let w(i) = 10*i - 105. What is w(10)?
-5
Let o(i) = i**3 - 6*i**2 + 5*i + 7. Calculate o(4).
-5
Let r(z) = -z**3 + 3*z**2 - 4*z + 4. Calculate r(3).
-8
Let k(b) = -24*b - 47. Determine k(-3).
25
Let a(y) = -6*y + 9. Give a(2).
-3
Let b(q) = 10*q**2 - q. Calculate b(-1).
11
Let h(d) = 11*d**3 - 5*d**2 - 8*d + 8. Determine h(1).
6
Let m(i) = -i**3 - 5*i**2 + 12*i - 3. Give m(-7).
11
Let p(d) = -4*d + 95. Give p(35).
-45
Let q(n) = -n - 20. Calculate q(-18).
-2
Let a(l) = l**3 - 4*l**2 - 3*l + 4. What is a(5)?
14
Let j(w) = -4*w + 8. Give j(6).
-16
Let p(w) = -3*w - 5. What is p(-6)?
13
Let m(g) = g**3 + 21*g**2 + 39*g + 18. Determine m(-19).
-1
Let t(p) = -p**2 - 6*p + 8. Calculate t(-8).
-8
Let x(o) = 3*o**2 + 54*o + 90. Calculate x(-16).
-6
Let q(g) = 2*g**3 - 19*g**2 - 7*g - 48. Give q(10).
-18
Let y(l) = 23*l + 322. What is y(-14)?
0
Let i(h) = 4*h**3 - 21*h**2 + 13*h - 2. Determine i(5).
38
Let i(k) = -22*k - 4. What is i(4)?
-92
Let w(u) = u - 11. Determine w(0).
-11
Let b(u) = -u**3 - 8*u**2 - 5*u - 6. Give b(-7).
-20
Let o(t) = -2*t**3 - 6*t**2 - 2*t + 1. Determine o(-4).
41
Let s(p) = -70*p - 214. Calculate s(-3).
-4
Let z(t) = t**2 + t + 1. Give z(-2).
3
Let z(m) = -2*m**3 + 21*m**2 - 7*m + 3. What is z(10)?
33
Let n(m) = -m**2 + 37*m + 79. Determine n(-2).
1
Let h(k) = -2*k - 20. What is h(-10)?
0
Let k(b) = -b**2 + 33*b - 273. Determine k(18).
-3
Let a(f) = -8*f + 1. What is a(1)?
-7
Let d(t) = -t**2 + 29*t - 63. Determine d(26).
15
Let f(i) = -6*i**2 - 5*i - 4. Calculate f(-2).
-18
Let f(x) = 4*x**3 + x**2 + x + 2. Give f(-2).
-28
Let r(w) = 4*w + 28. What is r(-7)?
0
Let d(j) = -2*j**2 - 17*j + 21. Calculate d(-13).
-96
Let y(k) = -k**3 - 11*k**2 - 11*k - 6. Give y(-10).
4
Let o(g) = g**2 - 13*g - 38. Determine o(14).
-24
Let c(o) = -o**2 - 13*o + 21. What is c(-15)?
-9
Let r(y) = -5*y**3 - y**2 - 4*y - 2. Calculate r(-1).
6
Let q(o) = 8*o**2 - 3*o. Calculate q(1).
5
Let j(f) = -f**2 + 27*f - 43. Calculate j(21).
83
Let t(m) = -m**2 + 9*m - 12. Calculate t(7).
2
Let l(x) = -14*x + 521. Calculate l(37).
3
Let n(i) = i**2 - 10*i - 13. Determine n(10).
-13
Let k(j) = -j**3 + 6*j**2 + 6*j - 13. Determine k(6).
23
Let t(v) = -v**3 - 16*v**2 + 19*v + 38. What is t(-17)?
4
Let j(r) = 3*r + 9. Calculate j(3).
18
Let m(q) = -q**3 - 8*q**2 - 11*q + 7. Determine m(-3).
-5
Let s(a) = -a**2 + 3*a + 5. Calculate s(7).
-23
Let d(p) = -p**2 + 6*p + 8. Calculate d(9).
-19
Let m(s) = -s**2 + 3*s + 10. What is m(4)?
6
Let o(j) = -21*j**2 + 125*j + 5. Give o(6).
-1
Let r(x) = -5*x**3 - 56*x**2 - 17*x - 62. Calculate r(-11).
4
Let r(x) = -4*x + 39. Give r(5).
19
Let h(d) = -d**3 + 9*d**2 - 17*d + 5. Determine h(8).
-67
Let s(o) = -o**2 + 8*o + 31. Give s(15).
-74
Let p(l) = 42*l**3 + l + 1. Determine p(-1).
-42
Let j(c) = -28*c - 51. Give j(-2).
5
Let i(v) = -2*v**3 + 7*v**2 - 4*v - 4. What is i(3)?
-7
Let b(p) = p**3 - p**2 - 2*p - 4. Calculate b(2).
-4
Let v(p) = -p + 6. Determine v(12).
-6
Let o(t) = -t**3 - 4*t**2 + 8*t + 7. Give o(-5).
-8
Let n(b) = -19*b + 197. Calculate n(11).
-12
Let o(r) = r**3 - 13*r**2 + 11*r - 5. What is o(12)?
-17
Let z(h) = -h + 10. Calculate z(0).
10
Let d(t) = 2*t**3 - 6*t**2 - 7*t - 17. Calculate d(6).
157
Let m(d) = 4*d - 5. What is m(-9)?
-41
Let k(j) = 2*j**3 + 11*j**2 + 13*j - 2. What is k(-4)?
-6
Let h(o) = -27*o**3 + 2*o**2 - o - 2. Calculate h(-1).
28
Let m(t) = -t**2 - 4*t + 14. Calculate m(-7).
-7
Let w(i) = -7*i - 4. What is w(-2)?
10
Let u(m) = m - 12. Calculate u(7).
-5
Let g(l) = 2*l**2 - 76*l + 76. Give g(37).
2
Let c(w) = -7*w + 51. Calculate c(11).
-26
Let s(n) = 13*n + 162. Give s(-12).
6
Let r(m) = -2*m**2 - 5*m + 2. Give r(-4).
-10
Let v(w) = -w**2 + 49*w + 233. Calculate v(54).
-37
Let i(w) = w**3 + 4*w**2 - 8*w - 1. Give i(-5).
14
Let p(q) = 3*q - 59. Give p(8).
-35
Let a(f) = 14*f**3 + f**2. Determine a(1).
15
Let j(l) = -3*l**2 + 6*l - 15. What is j(2)?
-15
Let x(r) = -r**3 - 8*r**2 + 21*r + 12. Determine x(-10).
2
Let k(n) = -3*n - 7. What is k(-4)?
5
Let o(v) = -v**2 + v - 7. Give o(0).
-7
Let w(j) = 4*j - 4. Calculate w(0).
-4
Let o(v) = -v**3 - 16*v**2 - 3*v - 26. Determine o(-16).
22
Let p(l) = -l + 4. Determine p(7).
-3
Let g(m) = -15*m**3 - 5*m**2 + 9*m - 5. Determine g(1).
-16
Let i(z) = 2*z - 3. Calculate i(-10).
-23
Let v(d) = d**3 + d**2 + d + 37. Give v(-5).
-68
Let q(a) = -a**3 - 2*a**2 + 8*a + 4. Calculate q(3).
-17
Let s(g) = -5*g - 35. Determine s(-8).
5
Let i(u) = -99*u + 5. What is i(-1)?
104
Let n(c) = -3*c**2 + 3*c + 1. Give n(3).
-17
Let y(v) = -2*v**3 + 25*v**2 - 33*v - 6. Determine y(11).
-6
Let b(r) = 65*r**3 + r**2 + 2*r + 1. Give b(-1).
-65
Let m(u) = -3*u - 5. What is m(4)?
-17
Let h(c) = 12*c - 71. Calculate h(15).
109
Let l(z) = -17*z - 41. What is l(-2)?
-7
Let q(m) = -m**2 + 19*m - 34. What is q(18)?
-16
Let h(l) = -41*l**3 - 2*l**2 + 1. Give h(-1).
40
Let v(p) = -p**3 - 8*p**2 - 11*p - 10. Determine v(-7).
18
Let n(t) = t**2 + 10*t + 2. Determine n(-9).
-7
Let u(o) = -o**2 - 5*o. Give u(-8).
-24
Let m(s) = -s**3 + 31*s**2 + 3*s - 60. Calculate m(31).
33
Let m(s) = 4*s**2 + 2*s + 1. Determine m(-1).
3
Let g(o) = 32*o**3 - 12*o**2 - 12*o - 1. What is g(-1)?
-33
Let b(p) = -p**3 - 8*p**2 - 2*p + 5. Determine b(-7).
-30
Let o(s) = 3*s**2 - 25*s - 6. Calculate o(8).
-14
Let v(n) = n**3 - 9*n**2 + 8*n + 3. Give v(8).
3
Let y(k) = -3*k**2 + 48*k - 12. Calculate y(19).
-183
Let c(t) = -2*t**2 - 2*t - 19. What is c(6)?
-103
Let o(z) = z**2 + 4*z - 4. Determine o(-4).
-4
Let v(k) = -k**2 + 12*k - 21. What is v(9)?
6
Let s(k) = -k**2 + 39*k - 74. Give s(37).
0
Let x(z) = -z**2 - 39*z + 131. Determine x(-42).
5
Let b(k) = -k**3 - 11*k**2 - 19*k - 8. Calculate b(-9).
1
Let i(q) = 3*q - 24. Determine i(9).
3
Let t(f) = -3*f + 15. Give t(10).
-15
Let q(t) = -t**2 - 3*t + 1. Calculate q(-1).
3
Let g(x) = 2*x**3 - 25*x**2 + 3*x + 108. Calculate g(12).
0
Let j(i) = i**2 - 4*i - 3. Give j(3).
-6
Let d(l) = l**3 - 11*l**2 - 11*l - 1. What is d(12)?
11
Let a(x) = x**2 + 9*x - 2. What is a(6)?
88
Let j(o) = -o**3 + 25*o**2 - 23*o + 41. Give j(24).
65
Let s(m) = 3*m**2 + 58*m - 37. What is s(-19)?
-56
Let g(w) = -w**2 - 8*w - 12. Determine g(-10).
-32
Let r(c) = c**3 + 6*c**2 - 6*c + 3. Determine r(-7).
-4
Let q(t) = t**2 + 8*t + 13. What is q(-5)?
-2
Let j(y) = y**2 + 8*y + 1. Give j(0).
1
Let b(m) = 9*m**3 + 4*m**2 - 6*m + 2. Calculate b(2).
78
Let b(v) = 45*v + 412. Give b(-9).
7
Let i(j) = 36*j**3. Calculate i(-1).
-36
Let u(z) = 12*z - 2. Give u(1).
10
Let g(o) = 2*o**2 - 23*o + 18. Calculate g(13).
57
Let n(h) = -h**3 - 4*h**2 - 2*h - 8. Give n(-4).
0
Let n(g) = 3*g**2 + 7*g - 7. Determine n(-4).
13
Let x(k) = 4*k + 34. Give x(-13).
-18
Let f(p) = 30*p + 1645. Give f(-55).
-5
Let t(o) = -o**2 - 9*o - 11. What is t(-7)?
3
Let q(d) = d**3 - 10*d**2 + 5*d + 2. Calculate q(8).
-86
Let w(v) = 5*v - 29. Determine w(-7).
-64
Let w(i) = -i**3 - 3*i**2 + 5*i + 3. What is w(-3)?
-12
Let a(m) = -25*m - 13. What is a(-1)?
12
Let y(n) = n**3 - 28*n**2 + 27*n - 5. Give y(27).
-5
Let i(g) = g**2 - 7*g - 12. Give i(9).
6
Let a(f) = -4*f + 9. Give a(-5).
29
Let n(g) = 5*g + 25. What is n(-5)?
0
Let p(n) = 5*n + 2. Calculate p(1).
7
Let z(o) = -5*o + 23. Give z(8).
-17
Let u(r) = -r + 24. Give u(20).
4
Let r(x) = -88*x - 8. Determine r(-1).
80
Let j(q) = 2*q + 8. Calculate j(7).
22
Let i(q) = q**3 - 9*q**2 - 13*q - 2. Determine i(10).
-32
Let b(d) = 27*d - 2. Give b(1).
25
Let v(c) = -4*c - 35. Calculate v(-14).
21
Let u(h) = -h**2 - 15*h - 63. Calculate u(-10).
-13
Let h(p) = 